Dec 02 18:18:46.238 INFO testing rusty-asm-0.2.1 against master#8940af3cea4a9a9deabcaf843b2f8cad9a83fc61 for beta-1.31-5
Dec 02 18:18:46.238 INFO running `"docker" "create" "-v" "/mnt/big/crater/work/local/target-dirs/beta-1.31-5/worker-6/master#8940af3cea4a9a9deabcaf843b2f8cad9a83fc61:/target:rw,Z" "-v" "/mnt/big/crater/work/local/test-source/worker-6/beta-1.31-5/master#8940af3cea4a9a9deabcaf843b2f8cad9a83fc61:/source:ro,Z" "-v" "/mnt/big/crater/work/local/cargo-home:/cargo-home:ro,Z" "-v" "/mnt/big/crater/work/local/rustup-home:/rustup-home:ro,Z" "-e" "USER_ID=1000" "-e" "SOURCE_DIR=/source" "-e" "USER_ID=1000" "-e" "CMD=cargo +8940af3cea4a9a9deabcaf843b2f8cad9a83fc61-alt build --frozen" "-e" "CARGO_TARGET_DIR=/target" "-e" "CARGO_INCREMENTAL=0" "-e" "RUST_BACKTRACE=full" "-e" "RUSTFLAGS=--cap-lints=warn" "-e" "CARGO_HOME=/cargo-home" "-e" "RUSTUP_HOME=/rustup-home" "-m" "1536M" "--network" "none" "crater"`
Dec 02 18:18:46.742 INFO [stdout] a57ea77b299c755f301c5988e7c0b7c741b11c46b0f13b02d9ee5d1e8a26863e
Dec 02 18:18:46.744 INFO running `"docker" "start" "-a" "a57ea77b299c755f301c5988e7c0b7c741b11c46b0f13b02d9ee5d1e8a26863e"`
Dec 02 18:18:48.094 INFO [stderr] usermod: no changes
Dec 02 18:18:48.203 INFO [stderr]    Compiling syn v0.15.22
Dec 02 18:19:14.127 INFO [stderr]    Compiling rusty-asm v0.2.1 (/source)
Dec 02 18:19:20.351 INFO [stderr]     Finished dev [unoptimized + debuginfo] target(s) in 32.23s
Dec 02 18:19:20.352 INFO [stderr] su: No module specific data is present
Dec 02 18:19:21.335 INFO running `"docker" "inspect" "a57ea77b299c755f301c5988e7c0b7c741b11c46b0f13b02d9ee5d1e8a26863e"`
Dec 02 18:19:21.581 INFO running `"docker" "rm" "-f" "a57ea77b299c755f301c5988e7c0b7c741b11c46b0f13b02d9ee5d1e8a26863e"`
Dec 02 18:19:21.953 INFO [stdout] a57ea77b299c755f301c5988e7c0b7c741b11c46b0f13b02d9ee5d1e8a26863e
Dec 02 18:19:21.957 INFO running `"docker" "create" "-v" "/mnt/big/crater/work/local/target-dirs/beta-1.31-5/worker-6/master#8940af3cea4a9a9deabcaf843b2f8cad9a83fc61:/target:rw,Z" "-v" "/mnt/big/crater/work/local/test-source/worker-6/beta-1.31-5/master#8940af3cea4a9a9deabcaf843b2f8cad9a83fc61:/source:ro,Z" "-v" "/mnt/big/crater/work/local/cargo-home:/cargo-home:ro,Z" "-v" "/mnt/big/crater/work/local/rustup-home:/rustup-home:ro,Z" "-e" "USER_ID=1000" "-e" "SOURCE_DIR=/source" "-e" "USER_ID=1000" "-e" "CMD=cargo +8940af3cea4a9a9deabcaf843b2f8cad9a83fc61-alt test --frozen --no-run" "-e" "CARGO_TARGET_DIR=/target" "-e" "CARGO_INCREMENTAL=0" "-e" "RUST_BACKTRACE=full" "-e" "RUSTFLAGS=--cap-lints=warn" "-e" "CARGO_HOME=/cargo-home" "-e" "RUSTUP_HOME=/rustup-home" "-m" "1536M" "--network" "none" "crater"`
Dec 02 18:19:22.425 INFO [stdout] c050b73b39414b9cb3efd5ac181dec559723983eebfa13bbb215383fd13bcbd2
Dec 02 18:19:22.432 INFO running `"docker" "start" "-a" "c050b73b39414b9cb3efd5ac181dec559723983eebfa13bbb215383fd13bcbd2"`
Dec 02 18:19:24.196 INFO [stderr] usermod: no changes
Dec 02 18:19:24.347 INFO [stderr]    Compiling runtime-macros v0.3.0
Dec 02 18:19:27.774 INFO [stderr]    Compiling rusty-asm v0.2.1 (/source)
Dec 02 18:19:35.010 INFO [stderr]     Finished dev [unoptimized + debuginfo] target(s) in 10.78s
Dec 02 18:19:35.015 INFO [stderr] su: No module specific data is present
Dec 02 18:19:35.611 INFO running `"docker" "inspect" "c050b73b39414b9cb3efd5ac181dec559723983eebfa13bbb215383fd13bcbd2"`
Dec 02 18:19:35.909 INFO running `"docker" "rm" "-f" "c050b73b39414b9cb3efd5ac181dec559723983eebfa13bbb215383fd13bcbd2"`
Dec 02 18:19:36.187 INFO [stdout] c050b73b39414b9cb3efd5ac181dec559723983eebfa13bbb215383fd13bcbd2
Dec 02 18:19:36.193 INFO running `"docker" "create" "-v" "/mnt/big/crater/work/local/target-dirs/beta-1.31-5/worker-6/master#8940af3cea4a9a9deabcaf843b2f8cad9a83fc61:/target:rw,Z" "-v" "/mnt/big/crater/work/local/test-source/worker-6/beta-1.31-5/master#8940af3cea4a9a9deabcaf843b2f8cad9a83fc61:/source:ro,Z" "-v" "/mnt/big/crater/work/local/cargo-home:/cargo-home:ro,Z" "-v" "/mnt/big/crater/work/local/rustup-home:/rustup-home:ro,Z" "-e" "USER_ID=1000" "-e" "SOURCE_DIR=/source" "-e" "USER_ID=1000" "-e" "CMD=cargo +8940af3cea4a9a9deabcaf843b2f8cad9a83fc61-alt test --frozen" "-e" "CARGO_TARGET_DIR=/target" "-e" "CARGO_INCREMENTAL=0" "-e" "RUST_BACKTRACE=full" "-e" "RUSTFLAGS=--cap-lints=warn" "-e" "CARGO_HOME=/cargo-home" "-e" "RUSTUP_HOME=/rustup-home" "-m" "1536M" "--network" "none" "crater"`
Dec 02 18:19:36.539 INFO [stdout] e85cdec2a96f06616a7cbca643bd5508b295e65dcb214976ca82c7d60eb9fb68
Dec 02 18:19:36.542 INFO running `"docker" "start" "-a" "e85cdec2a96f06616a7cbca643bd5508b295e65dcb214976ca82c7d60eb9fb68"`
Dec 02 18:19:37.515 INFO [stderr] usermod: no changes
Dec 02 18:19:37.587 INFO [stderr]     Finished dev [unoptimized + debuginfo] target(s) in 0.04s
Dec 02 18:19:37.607 INFO [stderr]      Running /target/debug/deps/rusty_asm-3af4ffb2f019079b
Dec 02 18:19:37.632 INFO [stdout] 
Dec 02 18:19:37.632 INFO [stdout] running 1 test
Dec 02 18:19:37.745 INFO [stdout] test tests::code_coverage ... FAILED
Dec 02 18:19:37.745 INFO [stdout] 
Dec 02 18:19:37.745 INFO [stdout] failures:
Dec 02 18:19:37.745 INFO [stdout] 
Dec 02 18:19:37.745 INFO [stdout] ---- tests::code_coverage stdout ----
Dec 02 18:19:37.745 INFO [stdout] thread 'tests::code_coverage' panicked at 'called `Result::unwrap()` on an `Err` value: Os { code: 2, kind: NotFound, message: "No such file or directory" }', libcore/result.rs:1009:5
Dec 02 18:19:37.745 INFO [stdout] stack backtrace:
Dec 02 18:19:37.745 INFO [stdout]    0:     0x7fb92dcd390f - std::sys::unix::backtrace::tracing::imp::unwind_backtrace::h3a8b83e1922cbdde
Dec 02 18:19:37.745 INFO [stdout]                                at libstd/sys/unix/backtrace/tracing/gcc_s.rs:49
Dec 02 18:19:37.745 INFO [stdout]    1:     0x7fb92dcb8897 - std::sys_common::backtrace::print::h00d3155a29b4020f
Dec 02 18:19:37.745 INFO [stdout]                                at libstd/sys_common/backtrace.rs:71
Dec 02 18:19:37.745 INFO [stdout]                                at libstd/sys_common/backtrace.rs:59
Dec 02 18:19:37.745 INFO [stdout]    2:     0x7fb92dcdecef - std::panicking::default_hook::{{closure}}::hd7465c742e79e1bb
Dec 02 18:19:37.745 INFO [stdout]                                at libstd/panicking.rs:211
Dec 02 18:19:37.745 INFO [stdout]    3:     0x7fb92dcde9ee - std::panicking::default_hook::h9e3966f2aa2a6e12
Dec 02 18:19:37.745 INFO [stdout]                                at libstd/panicking.rs:221
Dec 02 18:19:37.745 INFO [stdout]    4:     0x7fb92dcdf48e - std::panicking::rust_panic_with_hook::h587f091ae747d080
Dec 02 18:19:37.745 INFO [stdout]                                at libstd/panicking.rs:476
Dec 02 18:19:37.745 INFO [stdout]    5:     0x7fb92dcdf031 - std::panicking::continue_panic_fmt::hb3a4fdede87f43a8
Dec 02 18:19:37.745 INFO [stdout]                                at libstd/panicking.rs:390
Dec 02 18:19:37.745 INFO [stdout]    6:     0x7fb92dcdef15 - rust_begin_unwind
Dec 02 18:19:37.745 INFO [stdout]                                at libstd/panicking.rs:325
Dec 02 18:19:37.745 INFO [stdout]    7:     0x7fb92dd40dec - core::panicking::panic_fmt::h6f9cebf5e7474a0b
Dec 02 18:19:37.745 INFO [stdout]                                at libcore/panicking.rs:77
Dec 02 18:19:37.745 INFO [stdout]    8:     0x55fc80501c6b - core::result::unwrap_failed::h283dfb119382142e
Dec 02 18:19:37.745 INFO [stdout]                                at libcore/macros.rs:26
Dec 02 18:19:37.745 INFO [stdout]    9:     0x55fc805007cc - <core::result::Result<T, E>>::unwrap::hf9651a772fe779bc
Dec 02 18:19:37.745 INFO [stdout]                                at libcore/result.rs:808
Dec 02 18:19:37.745 INFO [stdout]   10:     0x55fc8050e917 - rusty_asm::tests::code_coverage::h034723fc57c09bb7
Dec 02 18:19:37.745 INFO [stdout]                                at src/lib.rs:360
Dec 02 18:19:37.745 INFO [stdout]   11:     0x55fc8050e839 - rusty_asm::tests::code_coverage::{{closure}}::h9b8e22d2dfecd4cb
Dec 02 18:19:37.745 INFO [stdout]                                at src/lib.rs:356
Dec 02 18:19:37.745 INFO [stdout]   12:     0x55fc805073cd - core::ops::function::FnOnce::call_once::he8f2a79807b56c99
Dec 02 18:19:37.745 INFO [stdout]                                at libcore/ops/function.rs:238
Dec 02 18:19:37.745 INFO [stdout]   13:     0x7fb92ea131be - <F as alloc::boxed::FnBox<A>>::call_box::hac903f91577a156c
Dec 02 18:19:37.745 INFO [stdout]                                at libtest/lib.rs:1468
Dec 02 18:19:37.745 INFO [stdout]                                at libcore/ops/function.rs:238
Dec 02 18:19:37.745 INFO [stdout]                                at liballoc/boxed.rs:672
Dec 02 18:19:37.745 INFO [stdout]   14:     0x7fb92dceccd9 - __rust_maybe_catch_panic
Dec 02 18:19:37.745 INFO [stdout]                                at libpanic_unwind/lib.rs:102
Dec 02 18:19:37.745 INFO [stdout]   15:     0x7fb92ea3b462 - std::sys_common::backtrace::__rust_begin_short_backtrace::hb8f0d0309526c184
Dec 02 18:19:37.745 INFO [stdout]                                at libstd/panicking.rs:289
Dec 02 18:19:37.745 INFO [stdout]                                at libstd/panic.rs:392
Dec 02 18:19:37.745 INFO [stdout]                                at libtest/lib.rs:1423
Dec 02 18:19:37.746 INFO [stdout]                                at libstd/sys_common/backtrace.rs:136
Dec 02 18:19:37.746 INFO [stdout]   16:     0x7fb92ea3c204 - std::panicking::try::do_call::hc2f7c8b9a348d8db
Dec 02 18:19:37.746 INFO [stdout]                                at libstd/thread/mod.rs:409
Dec 02 18:19:37.746 INFO [stdout]                                at libstd/panic.rs:313
Dec 02 18:19:37.746 INFO [stdout]                                at libstd/panicking.rs:310
Dec 02 18:19:37.746 INFO [stdout]   17:     0x7fb92dceccd9 - __rust_maybe_catch_panic
Dec 02 18:19:37.746 INFO [stdout]                                at libpanic_unwind/lib.rs:102
Dec 02 18:19:37.746 INFO [stdout]   18:     0x7fb92ea2494c - <F as alloc::boxed::FnBox<A>>::call_box::h6bfded618e480b32
Dec 02 18:19:37.746 INFO [stdout]                                at libstd/panicking.rs:289
Dec 02 18:19:37.746 INFO [stdout]                                at libstd/panic.rs:392
Dec 02 18:19:37.746 INFO [stdout]                                at libstd/thread/mod.rs:408
Dec 02 18:19:37.746 INFO [stdout]                                at liballoc/boxed.rs:672
Dec 02 18:19:37.746 INFO [stdout]   19:     0x7fb92dcd9c9d - std::sys_common::thread::start_thread::h4c28257d67cdf9cb
Dec 02 18:19:37.746 INFO [stdout]                                at liballoc/boxed.rs:682
Dec 02 18:19:37.746 INFO [stdout]                                at libstd/sys_common/thread.rs:24
Dec 02 18:19:37.746 INFO [stdout]   20:     0x7fb92dcaf4d5 - std::sys::unix::thread::Thread::new::thread_start::hfecb2e7eff8fd34f
Dec 02 18:19:37.746 INFO [stdout]                                at libstd/sys/unix/thread.rs:90
Dec 02 18:19:37.746 INFO [stdout]   21:     0x7fb92d2306b9 - start_thread
Dec 02 18:19:37.746 INFO [stdout]   22:     0x7fb92d78041c - clone
Dec 02 18:19:37.746 INFO [stdout]   23:                0x0 - <unknown>
Dec 02 18:19:37.746 INFO [stdout] 
Dec 02 18:19:37.746 INFO [stdout] 
Dec 02 18:19:37.746 INFO [stdout] failures:
Dec 02 18:19:37.746 INFO [stdout]     tests::code_coverage
Dec 02 18:19:37.746 INFO [stdout] 
Dec 02 18:19:37.746 INFO [stdout] test result: FAILED. 0 passed; 1 failed; 0 ignored; 0 measured; 0 filtered out
Dec 02 18:19:37.746 INFO [stdout] 
Dec 02 18:19:37.757 INFO [stderr] error: test failed, to rerun pass '--lib'
Dec 02 18:19:37.760 INFO [stderr] su: No module specific data is present
Dec 02 18:19:39.158 INFO running `"docker" "inspect" "e85cdec2a96f06616a7cbca643bd5508b295e65dcb214976ca82c7d60eb9fb68"`
Dec 02 18:19:39.526 INFO running `"docker" "rm" "-f" "e85cdec2a96f06616a7cbca643bd5508b295e65dcb214976ca82c7d60eb9fb68"`
Dec 02 18:19:39.847 INFO [stdout] e85cdec2a96f06616a7cbca643bd5508b295e65dcb214976ca82c7d60eb9fb68
